{"id":64,"date":"2012-02-15T18:15:24","date_gmt":"2012-02-15T17:15:24","guid":{"rendered":"http:\/\/guillaume-tell-watten.fr\/?page_id=64"},"modified":"2012-02-15T18:35:18","modified_gmt":"2012-02-15T17:35:18","slug":"historique","status":"publish","type":"page","link":"http:\/\/guillaume-tell-watten.fr\/?page_id=64","title":{"rendered":"Historique"},"content":{"rendered":"<p align=\"center\"><a href=\"http:\/\/guillaume-tell-watten.fr\/wp-content\/uploads\/2012\/02\/image002.jpg\"><img loading=\"lazy\" decoding=\"async\" class=\"aligncenter size-full wp-image-72\" title=\"image002\" src=\"http:\/\/guillaume-tell-watten.fr\/wp-content\/uploads\/2012\/02\/image002.jpg\" alt=\"\" width=\"526\" height=\"143\" srcset=\"http:\/\/guillaume-tell-watten.fr\/wp-content\/uploads\/2012\/02\/image002.jpg 526w, http:\/\/guillaume-tell-watten.fr\/wp-content\/uploads\/2012\/02\/image002-300x81.jpg 300w, http:\/\/guillaume-tell-watten.fr\/wp-content\/uploads\/2012\/02\/image002-500x135.jpg 500w\" sizes=\"auto, (max-width: 526px) 100vw, 526px\" \/><\/a><\/p>\n<p align=\"center\">X<strong><em>XXIII \u2013 La vie sociale\u00a0:\u00a0vielle de plus de cinq si\u00e8cles, la compagnie d\u2019archers a mis longtemps \u00e0 rena\u00eetre apr\u00e8s la derni\u00e8re guerre<\/em><\/strong><\/p>\n<p><strong><em>\u00a0<\/em><\/strong><\/p>\n<p>On a vu dans le chapitre consacr\u00e9 \u00e0 la vie de la cit\u00e9 que la compagnie d\u2019archers avait \u00e9t\u00e9 fond\u00e9e en 1448, sous le titre et l\u2019invocation de Saint-S\u00e9bastien, et qu\u2019elle re\u00e7ut les privil\u00e8ges de Philipe-le-Bon.<\/p>\n<p align=\"center\">***<\/p>\n<p>En l\u2019absence d\u2019archives nous ne connaissons rien de l\u2019activit\u00e9 de la compagnie d\u2019archers, de sa fondation \u00e0 la R\u00e9volution.<\/p>\n<p>Il est vraisemblable que date de cette \u00e9poque, antireligieuse \u00e0 outrance, le changement s\u2019appellation, la \u00ab\u00a0Saint-S\u00e9bastien\u00a0\u00bb devenant \u00abLa Guillaume-Tell\u00a0\u00bb.<\/p>\n<p>Durant le si\u00e8cle suivant, rien n\u2019a \u00e9t\u00e9 conserv\u00e9 non plus ce sport, les premi\u00e8res archives officielles datant de 1892.<\/p>\n<p>Le 24 juin de ladite ann\u00e9e, \u00e0 l\u2019initiative de MM. Marc Pannier et Julien Lemaire, tous deux brasseurs \u00e0 Watten, 24 personnes se sont r\u00e9unies \u00ab\u00a0pour la r\u00e9organisation de la soci\u00e9t\u00e9 de tir \u00e0 l\u2019arc \u00ab\u00a0La Guillaume-Tell\u00a0\u00bb.<\/p>\n<p>A l\u2019unanimit\u00e9 sont \u00e9lus\u00a0: pr\u00e9sident, M. Auguste Debaecker\u00a0; Vice-pr\u00e9sident, M. Marc Pannier\u00a0; secr\u00e9taire, M. Z\u00e9non Blond\u00e9.<\/p>\n<p>Sont ensuite fix\u00e9s\u00a0: taux de la cotisation des membres actifs et honoraires, la dote du tir annuelle (premier dimanche d\u2019ao\u00fbt), suivi d\u2019un banquet offert par la soci\u00e9t\u00e9.<\/p>\n<p>Ce tir du premier dimanche d\u2019ao\u00fbt am\u00e8ne dans la localit\u00e9 quelque attraction foraine. A l\u2019\u00e9poque, ce rassemblement est d\u00e9nomm\u00e9\u00a0: \u00ab\u00a0petite ducasse\u00a0\u00bb.<\/p>\n<p>En 1902, la pr\u00e9sidence \u00e9choit \u00e0 M. Albert Longueval. En ce d\u00e9but de si\u00e8cle, un deuxi\u00e8me tir est organis\u00e9 le premier dimanche de septembre.<\/p>\n<p>Par ailleurs, il est d\u00e9cid\u00e9 que le banquet annuel aura lieu le deuxi\u00e8me dimanche de Janvier.<\/p>\n<p>En 1904, la date du banquet est report\u00e9e au troisi\u00e8me dimanche de\u00a0 Janvier.<\/p>\n<p>Au cours de la r\u00e9union du 27 juin 1904, les membres de la soci\u00e9t\u00e9 d\u00e9cident l\u2019\u00e9dification d\u2019un baraquement dans la p\u00e2ture de tir.<\/p>\n<p>La F\u00e9d\u00e9ration des archers du Nord de la France est cr\u00e9\u00e9e lors congr\u00e8s rassemblant \u00e0 Hazebrouck, le 11 f\u00e9vrier 1906, toutes les soci\u00e9t\u00e9s.<\/p>\n<p>Lors de la r\u00e9union du 19 f\u00e9vrier 1906, MM. Marc Pannier et Ernest Bonningue\u00a0? D\u00e9l\u00e9gu\u00e9s de la \u00ab\u00a0Guillaume-Tell\u00a0\u00bb, rendent compte \u00e0 leurs amis de cette manifestation et donnent lecture des statuts et du r\u00e8glement d\u2019administration adopt\u00e9s.<\/p>\n<p>En 1907, la perche ayant besoin de grandes r\u00e9parations, les soci\u00e9t\u00e9s unanimes d\u00e9clarent se charger des travaux.<\/p>\n<p>Le 25 juin de la m\u00eame ann\u00e9e, il est d\u00e9cid\u00e9 l\u2019organisation de tirs les 1<sup>er<\/sup>\u00a0et 3<sup>e<\/sup>\u00a0Lundi de chaque mois, de 6h45 \u00e0 7h30. Tout manquant sera \u00e0 l\u2019amende de 0.25 F.<\/p>\n<p>Au cours de la r\u00e9union du 14 mais 1909, lecture est donn\u00e9e de la lettre de d\u00e9mission de M. Albert Longueval \u00ab\u00a0pour le bon d\u00e9vouement qu\u2019il a toujours fait preuve pour le fonctionnement de la soci\u00e9t\u00e9.\u00a0\u00bb<\/p>\n<p>M. F\u00e9lix Duriez lui succ\u00e8de pour 3 ans.<\/p>\n<p>La premi\u00e8re guerre mondiale vint interrompre l\u2019activit\u00e9 de la soci\u00e9t\u00e9.<\/p>\n<p>&nbsp;<\/p>\n<p>&nbsp;<\/p>\n<p align=\"center\"><strong>1919\u00a0: UN NOUVEAU DEPART<\/strong><\/p>\n<p align=\"center\"><strong>\u00a0<\/strong><\/p>\n<p>Le 14 Mai 1919, M F\u00e9lix Duriez, pr\u00e9sident et quelque soci\u00e9taires font une inspection de la perche et estiment qu\u2019apr\u00e8s menues r\u00e9paration, elle sera en \u00e9tat de fonctionnement.<\/p>\n<p>Le tir du 3 ao\u00fbt 1919 rassemble 178 archers, dont 18 de la \u00ab\u00a0Guillaume-Tell\u00a0\u00bb et 160 des soci\u00e9t\u00e9s voisines. Un tir a \u00e9galement lieu le premier Dimanche de septembre.<\/p>\n<p>Le 20 ao\u00fbt\u00a0 1919, en conformit\u00e9 des statuts, il est proc\u00e9d\u00e9 au renouvellement du bureau. M. F\u00e9lix Duriez, pr\u00e9sident sortant, est r\u00e9\u00e9lu par 13 voix sur 14 votants. M. Bonningue, secr\u00e9taire, d\u00e9missionnaire, ne peut \u00eatre remplac\u00e9 . . . faute de candidat.<\/p>\n<p>Le 27 janvier 1920 est d\u00e9cid\u00e9 que le banquet annuel aurait lieu chez Mme Rommelaere (h\u00f4tel de la T\u00eate d\u2019Or) le lundi 16 f\u00e9vrier (Carnaval) \u00e0 18h30.<\/p>\n<p>Le tir pour le \u00ab\u00a0Chef de perche\u00a0\u00bb 1920 a lieu le jeudi de P\u00e2ques. M. Emile Delaplace abat l\u2019oiseau d\u2019honneur.<\/p>\n<p>Lors du banquet de 22 janvier 1928, sont f\u00eat\u00e9 les vingt ans de pr\u00e9sidence de F\u00e9lix Duriez, ainsi que sa promotion au grade d\u2019officier des palmes Acad\u00e9mises, dont les insignes sont remis par M. Paul Rommelaere.<\/p>\n<p>Fin 1928, il est d\u00e9cid\u00e9 que le banquet annuel de janvier 1929 sera suivi d\u2019un bal.<\/p>\n<p>Depuis plusieurs ann\u00e9es, la soci\u00e9t\u00e9 participe au cort\u00e8ge carnavalesque de la Mi-car\u00eame avec le \u00ab\u00a0char aum\u00f4ni\u00e8re\u00a0\u00bb.<\/p>\n<p>&nbsp;<\/p>\n<p align=\"center\"><strong>1931\u00a0: CHANGEMENT DE TERRAIN<\/strong><\/p>\n<p>\u00a0\u00a0\u00a0\u00a0\u00a0\u00a0\u00a0\u00a0\u00a0\u00a0\u00a0\u00a0\u00a0\u00a0\u00a0 En 1931, M. Delecourt, pr\u00e9sident du conseil d\u2019administration des Tuileries de Nord et du Pas de Calais, ayant sollicit\u00e9 la r\u00e9utilisation de la p\u00e2ture ou se trouve install\u00e9 la \u00ab\u00a0perche\u00a0\u00bb, M. Duriez obtient tr\u00e8s rapidement de m. Gaston Vandesmet, pr\u00e9sident du conseil d\u2019administration de l\u2019hospice de St-Hilaire, la mise \u00e0 disposition d\u2019une p\u00e2ture sise rue de l\u2019hospice, appartenant \u00e0 cet \u00e9tablissement charitable.<\/p>\n<p>Les travaux de d\u00e9montage sont promptement men\u00e9s, afin de ne pas\u00a0 perturber le calendrier des tirs.<\/p>\n<p>Le grand tir d\u2019aout 1932, inaugurant les nouvelles installations de la soci\u00e9t\u00e9, remporte un tr\u00e8s vif succ\u00e8s.<\/p>\n<p>Au cours du banquet du 21 janvier 1934, un superbe bronze, cadeau des membres actifs, est offert \u00e0 M. F\u00e9lix Duriez pour ses 25 ans de pr\u00e9sidence. Un vibrant \u00ab\u00a0vivat flamand\u00a0\u00bb ach\u00e8ve cette c\u00e9r\u00e9monie.<\/p>\n<p>La m\u00eame ann\u00e9e, la F\u00e9d\u00e9ration du Nord des soci\u00e9t\u00e9s d\u2019archers autorise \u00ab\u00a0La Guillaume Tell\u00a0\u00bb \u00e0 organiser un troisi\u00e8me tir le dernier dimanche de mai.<\/p>\n<p>Au d\u00e9but de l\u2019ann\u00e9e 1935, Ms. Duriez et Pannier, ayant d\u00e9missionn\u00e9 de leurs fonctions, une assembl\u00e9e g\u00e9n\u00e9rale extraordinaire a lieu le 18 mai suivant. La d\u00e9mission est accept\u00e9e par les participants qui chargent M. Paul Rommelaere, vice-pr\u00e9sident, d\u2019adresser au pr\u00e9sident d\u00e9missionnaire \u00ab\u00a0avec leurs regrets, un t\u00e9moignage de reconnaissance\u00a0\u00bb. Puis, l\u2019assembl\u00e9e d\u00e9cide de proc\u00e9der imm\u00e9diatement au renouvellement du bureau.<\/p>\n<p>Sont \u00e9lus\u00a0: pr\u00e9sident, M. Paul Rommelaere\u00a0; vice pr\u00e9sident, M. Emile Fortry\u00a0; secr\u00e9taire,\u00a0 M. Charles Stoclin\u00a0; tr\u00e9sorier, M. Pierre T\u00e9tart\u00a0; chef de mat\u00e9riel, M. Albert Delaplace\u00a0; membres de la commission, Ms Julien Vercoutre et Gaston Souguenet.<\/p>\n<p>Pendant le tir du 25 mai r\u00e9unissant 120 archers, la fanfare \u00ab\u00a0L\u2019Amicale\u00a0\u00bb, nouvellement cr\u00e9\u00e9e, pr\u00eate son gracieux concours \u00e0 cet apr\u00e8s-midi sportif.<\/p>\n<p>Lors du congr\u00e8s d\u2019arrondissement du 9 f\u00e9vrier 1936, \u00ab\u00a0La Guillaume-Tell\u00a0\u00bb est d\u00e9sign\u00e9e par le sort pour\u00a0 organiser le tir f\u00e9d\u00e9ral. Celui-ci a lieu le 17 mai 1936 et rassemble 158 archers. Au premier tour, l\u2019honneur est abattu par M. Bernard Minne, de la Bistade.<\/p>\n<p>Invit\u00e9 d\u2019honneur au banquet du dimanche 17 janvier 1937, M. Andr\u00e9 Parmentier, d\u00e9put\u00e9 de la circonscription, fait, au dessert, un expos\u00e9 tr\u00e8s remarqu\u00e9 sur la situation actuelle et t\u00e9moigne sa confiance \u00e0 l\u2019arm\u00e9e.<\/p>\n<p>A noter qu\u2019un orchestre, compos\u00e9 de Mme Charles Stoclin et de Ms. Georges Fortry, Maxime et Gilbert Legrand, agr\u00e9menta ces agapes.<\/p>\n<p>La seconde guerre mondiale mit brutalement un terme \u00e0 l\u2019activit\u00e9 de la soci\u00e9t\u00e9.<\/p>\n<p>La perche a \u00e9t\u00e9 abattue lors de l\u2019ouragan nocturne de novembre 1940 et ses d\u00e9bris vendus \u00e0 l\u2019Amicale pour la somme de 5.000F<\/p>\n<p>Les soci\u00e9taires non prisonniers de guerre se r\u00e9unissent le 25 janvier 1943 en vue de l\u2019adjudication du b\u00e2timent, \u00e9difi\u00e9 dans la p\u00e2ture, r\u00e9serv\u00e9 aux tirs. La soci\u00e9t\u00e9 en re\u00e7oit 4.100F.<\/p>\n<p align=\"center\"><strong>UNE REPRISE TARDIVE APRES LA DERNIERE GUERRE<\/strong><\/p>\n<p><strong>\u00a0\u00a0\u00a0\u00a0\u00a0\u00a0\u00a0\u00a0\u00a0\u00a0\u00a0\u00a0\u00a0\u00a0\u00a0\u00a0<\/strong>Contrairement aux autres soci\u00e9t\u00e9s locales, la Guillaume-Tell, faute d\u2019animateurs, n\u2019a pas repris son activit\u00e9 d\u00e8s 1945.<\/p>\n<p>Cependant, la pratique du tir \u00e0 l\u2019arc n\u2019\u00e9tait pas abandonn\u00e9e, les archers wattenais participant, \u00e0 titre individuel, aux tirs organis\u00e9s par les soci\u00e9t\u00e9s des environs.<\/p>\n<p>Ce n\u2019est que le 28 octobre 1972, \u00e0 l\u2019initiative de M. Gabriel Vanlerberghe, que 32 archers se r\u00e9unissent en pr\u00e9sence de M. Raymond Demarthe, pr\u00e9sident de l\u2019Union des Associations d\u2019Archers du Nord de France, en vue de reconstituer la soci\u00e9t\u00e9.<\/p>\n<p>Un bureau provisoire est constitu\u00e9 comme suit\u00a0: pr\u00e9sident, M. Gabriel Vanlerberghe\u00a0; vice-pr\u00e9sident, M. Jules Evrard\u00a0; secr\u00e9taire, M. Cl\u00e9ment Vanvincq\u00a0; tr\u00e9sorier, M. Ghislain Scott\u00e9\u00a0; tr\u00e9sorier adjoint, M. Jacques Dekeyser\u00a0; chef de mat\u00e9riel, M. Raymond Vanda\u00eble\u00a0; membre de la commission, Ms Louis Vanvincq, Jean Marie Lavogiez, Raymond Lampstaes et Jacques Delhaye.<\/p>\n<p>Les statuts de la soci\u00e9t\u00e9 sont approuv\u00e9s par les participants lors de la r\u00e9union du 6 novembre 1972. Les archers d\u00e9cident de s\u2019associer aux c\u00e9r\u00e9monies du 11 novembre et de d\u00e9poser des fleurs\u00a0 au monument aux morts.<\/p>\n<p>Le 18 d\u00e9cembre 1972 est d\u00e9cid\u00e9 que le tir pour le titre de \u00ab\u00a0chef de perche\u00a0\u00bb, devenu maintenant \u00ab\u00a0roi de la perche\u00a0\u00bb,\u00a0 aura d\u00e9sormais lieu le lundi de P\u00e2ques et que les autres tirs auront lieu comme suit\u00a0: un tir en juin, un tir le premier dimanche d\u2019ao\u00fbt (ducasse), un tir le mardi suivant, un tir le premier dimanche de septembre (ducasse).<\/p>\n<p>La d\u00e9claration de constitution de la soci\u00e9t\u00e9 ayant fait l\u2019objet d\u2019une parution au journal officiel du 16 d\u00e9cembre 1972, les soci\u00e9taires se r\u00e9unissent le 14 janvier 1973, en vue de l\u2019\u00e9lection des membres du bureau d\u00e9finitif.<\/p>\n<p>A l\u2019unanimit\u00e9, les membres du bureau provisoire sont reconduits dans leurs fonctions.<\/p>\n<p>Le lundi 23 avril 1973, \u00e015h, les archers se retrouvent au pied de la perche pour leur premier \u00ab\u00a0tir du roi\u00a0\u00bb.Comme le veut la tradition, le roi en exercice lance la premi\u00e8re fl\u00e8che. Cet honneur revient \u00e0 M. Georges Fortry, premier magistrat, chef de perche 1939, qui tire sans succ\u00e8s les trois fl\u00e8ches pr\u00e9vues.<\/p>\n<p>Le \u00ab\u00a0Roi\u00a0\u00bb 1973 est M. Jacques Cadet, descendant d\u2019une lign\u00e9e d\u2019archers. Fils de Robert, membre de la \u00ab\u00a0Guillaume-Tell\u00a0\u00bb, de 1921 \u00e0 1939, petit-fils d\u2019Edouard, archer de 1898 \u00e0 1939, secr\u00e9taire de 1925 \u00e0 1930, petit-neveu de L\u00e9on, Co-formateur de la soci\u00e9t\u00e9 en 1892 \u2013 qui a abattu un \u00ab\u00a0oiseau\u00a0\u00bb lors du tir inaugural du 7 ao\u00fbt 1892.<\/p>\n<p>Bon sang ne serait mentir.<\/p>\n<p align=\"center\"><strong>1973\u00a0: GA\u00cbTAN DEBAER, CHAMPION D\u2019EUROPE DES JEUNES<\/strong><\/p>\n<p>\u00a0\u00a0\u00a0\u00a0\u00a0\u00a0\u00a0\u00a0\u00a0\u00a0\u00a0\u00a0\u00a0\u00a0\u00a0 Le dimanche 29 juillet 1973 a lieu, \u00e0 Vlissengem (Belgique), le championnat d\u2019Europe des jeunes archers.<\/p>\n<p>La soci\u00e9t\u00e9 ayant fait acte de candidature \u00e0 cette comp\u00e9tition, le jeune Didier Dumont est retenu pour l\u2019\u00e9quipe de France. Son fr\u00e8re, Philippe, et Ga\u00ebtan Debaer (13 ans) d\u00e9fendront les couleur de la soci\u00e9t\u00e9 en \u00ab\u00a0individuel\u00a0\u00bb.<\/p>\n<p>Didier Dumont totalise 4 points sur les 27 de l\u2019\u00e9quipe de France, class\u00e9e 2<sup>\u00e8me<\/sup>. Le championnat individuel rassemble 108 jeunes, provenant des Pays-Bas, de Belgique et de France. Philippe Dumont tira cinq tr\u00e8s belles fl\u00e8ches, mais h\u00e9las sans r\u00e9sultat.<\/p>\n<p>A la fin des \u00e9liminatoires, restaient seul en liste le jeune Yprois Vincent Molein (11 ans) et notre ami Ga\u00ebtan Debaer. Ce fut un duel sans piti\u00e9 et \u00e0 la 35<sup>\u00e8me<\/sup>\u00a0fl\u00e8che, Ga\u00ebtan Debaer d\u00e9crocha l\u2019honneur. C\u2019est au milieu d\u2019une crise de larmes de joie qu\u2019il s\u2019entendit proclamer \u00ab\u00a0Champion d\u2019Europe\u00a01973 des jeunes\u00a0\u00bb.<\/p>\n<p style=\"text-align: center;\">ngg_shortcode_0_placeholder<\/p>\n<p>\u00a0 \u00a0Signalons qu\u2019avant lui, un \u00ab\u00a0voisin\u00a0\u00bb Bertrand Bayard, de Bayenghem-les-Eperlecques, avait, en 1970, \u00e9t\u00e9 sacr\u00e9 \u00ab\u00a0Champion d\u2019Europe jeunes\u00a0\u00bb.<\/p>\n<p>La c\u00e9r\u00e9monie de b\u00e9n\u00e9diction de la nouvelle perche, pr\u00e9sid\u00e9e par M. l\u2019abb\u00e9 Wecxsteen, cur\u00e9\u00a0 doyen, a lieu le dimanche 5 ao\u00fbt 1973, \u00e0 10h30, en pr\u00e9sence de nombreux archers et des autorit\u00e9s locales, de la marraine, Mlle Annie Beyaert, et du parrain, Ga\u00ebtan Debaer.<\/p>\n<p>Le jeune champion Ga\u00ebtan Debaer et ses amis, les fr\u00e8res Dumont, furent officiellement et chaleureusement f\u00eat\u00e9s \u00e0 l\u2019issue du tir amical du 29 septembre 1973.<\/p>\n<p>Par suite de ses activit\u00e9s professionnelles, M. Ghislain Scott\u00e9 abandonne ses fonctions de tr\u00e9sorier qui sont confi\u00e9es \u00e0 M. Cl\u00e9ment Vanvincq.<\/p>\n<p>Au championnat de France, qui se d\u00e9roule \u00e0 Bourbourg, le 1<sup>er<\/sup>\u00a0juillet 1974, et rassemble 290 archers, M. Cl\u00e9ment Vanvincq se classe 4<sup>\u00e8me<\/sup>.<\/p>\n<p>Le mardi 6 juillet 1976, au championnat de France \u00ab\u00a0jeunes\u00a0\u00bb, \u00e0 Bray-Dunes, le jeune Philippe Dumont est sacr\u00e9 \u00ab\u00a0Champion 1976\u00a0\u00bb.<\/p>\n<p>Stupeur et \u00e9motion dans les rangs de la soci\u00e9t\u00e9 au matin du 12 avril 1977, avec l\u2019annonce du d\u00e9c\u00e8s de M. Ren\u00e9 Cadet, vice pr\u00e9sident.<\/p>\n<p align=\"center\"><strong>1977\u00a0: GA\u00cbTAN DEBAER, CHAMPION DE FRANCE TOUTES CATEGORIES<\/strong><\/p>\n<p align=\"center\"><strong>\u00e0 NIELLES les BLEQUIN<\/strong><\/p>\n<p>C&rsquo;est le 26 juin 1977 \u00e0 Nielle les Bl\u00e9quin que Ga\u00ebtan DEBAER devient le premier Champion de France toutes Cat\u00e9gories de la soci\u00e9t\u00e9 avec un total de 35Pts apr\u00e8s un barrage serr\u00e9 avec Maxime MORTIER, c&rsquo;est \u00e0 la 6\u00e8me fl\u00e8che qu&rsquo;il a abattu l&rsquo;honneur et devient Champion de France 1977. Ci dessous, quelques photos de l&rsquo;\u00e9poque, il suffit de cliquer dessus pour les agrandir.<\/p>\n<div align=\"center\">\u00a0ngg_shortcode_1_placeholder<\/div>\n<div align=\"center\"><\/div>\n<div style=\"text-align: left;\" align=\"center\">\n<p>Dans la matin\u00e9e du mardi 8 ao\u00fbt 1979, alors que les archers s\u2019affairent \u00e0 la pr\u00e9paration du tir de l\u2019apr\u00e8s-midi, on leur annonce le d\u00e9c\u00e8s du pr\u00e9sident Gabriel Vanlerberghe.<\/p>\n<p>Au cours de l\u2019assembl\u00e9e g\u00e9n\u00e9rale du janvier 1980, le nouveau bureau est ainsi constitu\u00e9\u00a0: pr\u00e9sident, M. Gaston Lefebvre\u00a0; vice pr\u00e9sident\u00a0: M. Cl\u00e9ment Vanvincq\u00a0; secr\u00e9taire, M. Jean Marie Colpaert\u00a0; chef de mat\u00e9riels, M. Jean Paul Darsy\u00a0; membres, MM. Louis Vanvincq, Jean No\u00ebl Evrard, Ghislain Scott\u00e9, Fernand Delay.<\/p>\n<p>En 1982, la perche est transf\u00e9r\u00e9e dans une p\u00e2ture, sise rue de la Montagne, appartenant \u00e0 la commune de Watten. L\u2019inauguration des nouvelles installations a lieu dans la matin\u00e9e du samedi 15 juin 1982, jour du tir du printemps.<\/p>\n<p>A l\u2019assembl\u00e9e g\u00e9n\u00e9rale du 8 janvier 1983, MM. Gaston Lefebvre, pr\u00e9sident, et Kean Marie Colpaert, secr\u00e9taire, pr\u00e9sentent leur d\u00e9mission. L\u2019\u00e9lection du nouveau bureau donne la composition suivante\u00a0: pr\u00e9sident, M. Ren\u00e9 DEGRAEVE\u00a0; Vice Pr\u00e9sident, M. Germain Deblonde\u00a0; secr\u00e9taire, M. Cl\u00e9ment Vanvincq\u00a0; Tr\u00e9sotier, M. Jean No\u00ebl Evrard\u00a0; chef de mat\u00e9riels, Gustave Biscaras.<\/p>\n<p>En novembre 1983, la soci\u00e9t\u00e9 acquiert un bungalow d\u2019occasion qui apr\u00e8s remise en peinture et am\u00e9nagement par MM. Degraeve et Biscaras, servira de bureau et de remise pour le mat\u00e9riel.<\/p>\n<p>M. Cl\u00e9ment Vanvincq, secr\u00e9taire, \u00e9tant d\u00e9c\u00e9d\u00e9 subitement d\u00e9but f\u00e9vrier 1984, l\u2019assembl\u00e9e g\u00e9n\u00e9rale du 31 mars suivant pourvoit son remplacement, apr\u00e8s que M. le pr\u00e9sident Degraeve eut rappel\u00e9 l\u2019\u0153uvre du disparu. A l\u2019unanimit\u00e9, sont \u00e9lus, MM. Jean Pierre Level, secr\u00e9taire\u00a0; Bernard Langagne, secr\u00e9taire adjoint.<\/p>\n<p>Chaque ann\u00e9e, nos \u00ab\u00a0bras de fer\u00a0\u00bb se distinguent toujours par leur adresse, tant \u00e0 Watten qu\u2019\u00e0 l\u2019ext\u00e9rieur.<\/p>\n<p><a href=\"http:\/\/guillaume-tell-watten.fr\/wp-content\/uploads\/2012\/02\/image004.jpg\"><img loading=\"lazy\" decoding=\"async\" class=\"size-full wp-image-69 aligncenter\" title=\"image004\" src=\"http:\/\/guillaume-tell-watten.fr\/wp-content\/uploads\/2012\/02\/image004.jpg\" alt=\"\" width=\"537\" height=\"292\" srcset=\"http:\/\/guillaume-tell-watten.fr\/wp-content\/uploads\/2012\/02\/image004.jpg 537w, http:\/\/guillaume-tell-watten.fr\/wp-content\/uploads\/2012\/02\/image004-300x163.jpg 300w, http:\/\/guillaume-tell-watten.fr\/wp-content\/uploads\/2012\/02\/image004-500x271.jpg 500w\" sizes=\"auto, (max-width: 537px) 100vw, 537px\" \/><\/a><\/p>\n<p><strong><em>\u00ab\u00a0D\u2019apr\u00e8s un r\u00e9cit de M. Jacques Berni\u00e8re parut dans le journal de l\u2019Ind\u00e9pendant du 15 novembre 1991\u00a0\u00bb.<\/em><\/strong><\/p>\n<\/div>\n<p>&nbsp;<\/p>\n","protected":false},"excerpt":{"rendered":"<p>XXXIII \u2013 La vie sociale\u00a0:\u00a0vielle de plus de cinq si\u00e8cles, la compagnie d\u2019archers a mis longtemps \u00e0 rena\u00eetre apr\u00e8s la derni\u00e8re guerre \u00a0 On a vu dans le chapitre consacr\u00e9 \u00e0 la vie de la cit\u00e9 que la compagnie d\u2019archers &hellip; <a href=\"http:\/\/guillaume-tell-watten.fr\/?page_id=64\">Continuer la lecture <span class=\"meta-nav\">&rarr;<\/span><\/a><\/p>\n","protected":false},"author":1,"featured_media":0,"parent":0,"menu_order":0,"comment_status":"closed","ping_status":"open","template":"","meta":{"ngg_post_thumbnail":0,"footnotes":""},"class_list":["post-64","page","type-page","status-publish","hentry"],"_links":{"self":[{"href":"http:\/\/guillaume-tell-watten.fr\/index.php?rest_route=\/wp\/v2\/pages\/64","targetHints":{"allow":["GET"]}}],"collection":[{"href":"http:\/\/guillaume-tell-watten.fr\/index.php?rest_route=\/wp\/v2\/pages"}],"about":[{"href":"http:\/\/guillaume-tell-watten.fr\/index.php?rest_route=\/wp\/v2\/types\/page"}],"author":[{"embeddable":true,"href":"http:\/\/guillaume-tell-watten.fr\/index.php?rest_route=\/wp\/v2\/users\/1"}],"replies":[{"embeddable":true,"href":"http:\/\/guillaume-tell-watten.fr\/index.php?rest_route=%2Fwp%2Fv2%2Fcomments&post=64"}],"version-history":[{"count":7,"href":"http:\/\/guillaume-tell-watten.fr\/index.php?rest_route=\/wp\/v2\/pages\/64\/revisions"}],"predecessor-version":[{"id":73,"href":"http:\/\/guillaume-tell-watten.fr\/index.php?rest_route=\/wp\/v2\/pages\/64\/revisions\/73"}],"wp:attachment":[{"href":"http:\/\/guillaume-tell-watten.fr\/index.php?rest_route=%2Fwp%2Fv2%2Fmedia&parent=64"}],"curies":[{"name":"wp","href":"https:\/\/api.w.org\/{rel}","templated":true}]}}