{"id":489,"date":"2015-02-13T20:49:37","date_gmt":"2015-02-13T19:49:37","guid":{"rendered":"http:\/\/guillaume-tell-watten.fr\/?page_id=489"},"modified":"2015-02-13T20:50:50","modified_gmt":"2015-02-13T19:50:50","slug":"annee-2000-2","status":"publish","type":"page","link":"http:\/\/guillaume-tell-watten.fr\/?page_id=489","title":{"rendered":"Ann\u00e9e 2000"},"content":{"rendered":"<p align=\"center\"><span style=\"font-size: large;\"><span style=\"text-decoration: underline;\"><b>Assembl\u00e9e g\u00e9n\u00e9ral de 28 janvier 2000<\/b><\/span><\/span><\/p>\n<p>De nombreux soci\u00e9taires avaient tenu \u00e0 participer \u00e0 cette r\u00e9union, plus de 30 participants parmi lesquels MM. Witkowski, Berquez, Vermeersch, Deschodt, adjoints et conseillers municipaux, ainsi que Mme Decool, repr\u00e9sentants son mari conseiller g\u00e9n\u00e9ral.<\/p>\n<p>Apr\u00e8s avoir pr\u00e9sent\u00e9 ses v\u0153ux \u00e0 l\u2019assembl\u00e9e, le pr\u00e9sident Daniel Delhaye a donn\u00e9 la parole \u00e0 Pierre Dumont, vice-pr\u00e9sident, qui a pr\u00e9sent\u00e9 le bilan de l\u2019ann\u00e9e \u00e9coul\u00e9e. Apr\u00e8s un compte rendu des diff\u00e9rents tirs de la saison 1999, il a donn\u00e9 les r\u00e9sultats des championnats de France 1999<\/p>\n<p class=\"western\">Puis le pr\u00e9sident \u00e0 repris la parole pour \u00e9voquer les projets de l\u2019an 2000.La soci\u00e9t\u00e9 pr\u00e9sentera un char lors du prochain carnaval d\u2019\u00e9t\u00e9 le premier lundi de Pentec\u00f4te, comme elle l\u2019avait fait en 1997.Le tir du roi aura lieu le lundi de P\u00e2ques 24 avril et J\u00e9r\u00e9mie Careye le jeune roi 1999 remettra son titre en jeu.<\/p>\n<p>Apr\u00e8s maintes difficult\u00e9s, la soci\u00e9t\u00e9 a enfin r\u00e9ussi \u00e0 obtenir un num\u00e9ro d\u2019agr\u00e9ment n\u00e9cessaire au fonctionnement de la buvette. Du c\u00f4t\u00e9 des finances, la soci\u00e9t\u00e9 se porte bien. La Guillaume Tell a fait des recherches pour d\u00e9terminer la date de sa cr\u00e9ation mais la plus ancienne information dont elle dispose remonte en 1887, l\u2019ann\u00e9e de son d\u00e9marrage.<\/p>\n<p class=\"western\">Le 31 mars et 1<sup>er<\/sup> avril, la soci\u00e9t\u00e9 organisera un stand au forum organis\u00e9 par le centre social.<\/p>\n<p class=\"western\">Soci\u00e9taires pr\u00e9sent \u00e0 l\u2019assembl\u00e9e, CAREYE Jean-Luc\u00a0; CAREYE J\u00e9r\u00e9mie\u00a0; COURVAL Krysia\u00a0; DELHAYE Daniel, Myriam, Audrey, J\u00e9r\u00e9my et Simon\u00a0; DUMONT Pierre\u00a0; GIBNEY Patrick\u00a0; MINEBOIS Gilles et Fr\u00e9d\u00e9ric\u00a0; THOMAS Patrick et Martine\u00a0; BOUCHEZ Antony\u00a0; DECOBERT Michel\u00a0; DUTHE Nicole\u00a0; HAU Alain et Christelle\u00a0; HERNOULD Pascal et Marie-Ren\u00e9e\u00a0; St MACHIN Michel.<\/p>\n<p class=\"western\">EXCUSE\u00a0: LEVEL Jean-Pierre\u00a0; DEBAER Ga\u00e9tan\u00a0; LETTEN Michel.<\/p>\n<p class=\"western\">DEMISION\u00a0: CARON Vincent.<\/p>\n<p class=\"western\">PAS REINSCRIT (cause sans nouvelle au 10\/02\/2000)\u00a0: GODEFROY Eric\u00a0; LAMARCHE Xavier\u00a0; LURETTE Yoan.<\/p>\n<p class=\"western\">NOUVELLES LICENCES LOISIRS\u00a0: HERNOULD Joe\u00a0 et HAU Christelle.<\/p>\n<ol>\n<li>\n<h1 class=\"western\" align=\"left\">\u00c9quipes de Coupes<\/h1>\n<\/li>\n<\/ol>\n<p class=\"western\"><b>COUPE JEAN-MARIE WAELS ET D\u2019ARTOIS\u00a0:<\/b> 1 \u00e9quipe <b>WATTEN A\u00a0: <\/b>DELHAYE Daniel\u00a0; DELHAYE Myriam\u00a0; BEAURAIN Daniel\u00a0; DUMONT Pierre\u00a0; LEVEL Jean-Pierre\u00a0; DECOBERT Michel\u00a0; (Remplacent DELHAYE J\u00e9r\u00e9my.<\/p>\n<p class=\"western\"><b>COUPE DE WISMES\u00a0:<\/b> 2 \u00c9quipes\u00a0 <b>WATTEN A\u00a0:<\/b> HERNOULD Pascal ; DUMONT Pierre ; DELHAYE Myriam ; DUBOIS Jean-Marc ; LEVEL Jean-Pierre ; HERNOULD Jo\u00ebl et Marie Ren\u00e9e.<\/p>\n<p class=\"western\"><b>WATTEN B\u00a0: <\/b>DELHAYE Daniel\u00a0; DELHAYE J\u00e9r\u00e9my\u00a0; DELHAYE Audrey\u00a0; CAREYE Jean-Luc\u00a0; CAREYE J\u00e9r\u00e9mie\u00a0; MINEBOIS Julien\u00a0; (Remplacent\u00a0: LETTEN Michel et GIBNEY Patrick.)<\/p>\n<p class=\"western\"><b>CHALLENGE A LEFFRINCKOUCKE LE 13 JUIN<\/b><\/p>\n<p class=\"western\">Qualifi\u00e9 en 1999\u00a0: THOMAS Patrick\u00a0; DUMONT Pierre\u00a0; DELHAYE Daniel\u00a0; DUBOIS Jean-Marc\u00a0; MINEBOIS Fr\u00e9d\u00e9ric<\/p>\n<p class=\"western\">Candidature 2000\u00a0: CAREYE Jean-Luc\u00a0; DELHAYE Myriam\u00a0; St MACHIN Michel\u00a0; HOLLAND Michel\u00a0; BOUCHEZ Antony\u00a0; HAU Christelle.<\/p>\n<p class=\"western\" align=\"center\">EFFECTIF 2000<\/p>\n<p class=\"western\"><span style=\"text-decoration: underline;\"><b>25 LICENCES SPORTIVE<\/b><\/span>\u00a0: ANDOUCHE Fr\u00e9d\u00e9ric\u00a0; BEAURAIN Daniel\u00a0; CAREYE Jean-Luc\u00a0; CAREY J\u00e9r\u00e9mie\u00a0; COURVAL Krysia\u00a0; DEBAERT Ga\u00e9tan\u00a0; DELHAYE Audrey\u00a0; DELHAYE Daniel\u00a0; DELHAYE J\u00e9r\u00e9my\u00a0; DELHAYE Myriam\u00a0; DELHAYE Simon\u00a0; DUBOIS Jean-Marc\u00a0; DUMEZ H\u00e9l\u00e8ne\u00a0; DUMONT Pierre\u00a0; EVRARD Jean-No\u00ebl\u00a0; GIBNEY Patrick\u00a0; GRENIER Jacqueline\u00a0; GRENIER Jean-Pierre\u00a0; LEVEL Jean-Pierre\u00a0; MINEBOIS Gilles\u00a0; MINEBOIS Fr\u00e9d\u00e9ric\u00a0; MINEBOIS Julien\u00a0; MINEBOIS Laura\u00a0; OBRY Marc et THOMAS Patrick.<\/p>\n<p class=\"western\"><span style=\"text-decoration: underline;\"><b>16 LICENCES LOISIRS\u00a0:<\/b><\/span> BISCARAS Gustave\u00a0; BOUCHEZ Anthony\u00a0; CARON Jo\u00ebl\u00a0; DE JONGHE Freddy\u00a0; DECOBERT Michel\u00a0; DUTHE Nicole\u00a0; DUTHE Serge\u00a0; HAU Alain\u00a0; HAU Christelle\u00a0; HERNOULD Jo\u00ebl\u00a0; HERNOULD Marie Ren\u00e9e\u00a0; HERNOULD Pascal\u00a0; HOLLAND Michel\u00a0;LETTEN Michel\u00a0; St-MACHIN Michel et THOMAS Martine.<\/p>\n<ol start=\"2\">\n<li>\n<h1 class=\"western\" align=\"left\">Le 15 mars 2000<\/h1>\n<\/li>\n<\/ol>\n<p class=\"western\">R\u00e9siliation de la ligne t\u00e9l\u00e9phonique du local.<\/p>\n<ol>\n<ol>\n<li>\n<h2 class=\"western\" lang=\"en-GB\" align=\"justify\">LUNDI 24 AVRIL 2000<\/h2>\n<ol>\n<li>\n<h3 class=\"western\" align=\"center\">TIR DU ROY<\/h3>\n<\/li>\n<\/ol>\n<\/li>\n<\/ol>\n<\/ol>\n<p class=\"western\">Il faisait tr\u00e8s beau ce lundi de p\u00e2ques pour notre traditionnel tir du Roy.26 archers \u00e9taient pr\u00e9sents pour ravir le titre \u00e0 J\u00e9r\u00e9mie Careye.<\/p>\n<p class=\"western\" align=\"center\">Le suspense ne dura pas longtemps car \u00e0 la 3\u00e8me fl\u00e8che, Patrick Thomas d\u00e9crocha le papegai tant convoit\u00e9, ce qui fit de lui le nouveau Roy 2000.Apr\u00e8s les f\u00e9licitations de tout, le collier de la soci\u00e9t\u00e9 et le troph\u00e9e lui furent remis. Un pot de l\u2019amiti\u00e9 fut offert en son honneur. Souhaitons-lui bonne chance pour le tir de l\u2019empereur, le 4 juin 2000 \u00e0 Saint Omer.<\/p>\n<p class=\"western\"><b>Le 21 mai 2000.<\/b><\/p>\n<p class=\"western\"><b>Inscription championnat de France f\u00e9minine:<\/b><\/p>\n<p class=\"western\" lang=\"en-GB\"><b>-Delhaye Audrey.<\/b><\/p>\n<p class=\"western\" lang=\"en-GB\"><b>-Delhaye Myriam.<\/b><\/p>\n<p class=\"western\"><b>Pay\u00e9 par ch\u00e8que n\u00b01681500. 40frs.<\/b><\/p>\n<p class=\"western\"><b>Le 1<\/b><sup><b>er<\/b><\/sup><b> juin 2000.<\/b><\/p>\n<p class=\"western\" align=\"center\"><b>R\u00e9sultats du championnat de France f\u00e9minine.<\/b><\/p>\n<p class=\"western\">Les deux participantes s\u2019\u00e9tant bien d\u00e9fendues, la \u201cGuillaume Tell\u201d a \u00e9t\u00e9 bien repr\u00e9sent\u00e9e. En effet, Audrey Delhaye s\u2019est class\u00e9e 28\u00e8me, avec 9 pts, et Myriam Delhaye 76\u00e8me, avec 5 pts.<\/p>\n<p class=\"western\"><span style=\"text-decoration: underline;\"><b>Le 5 juin 2000.<\/b><\/span><\/p>\n<ol>\n<ol>\n<ol>\n<ol>\n<li>\n<h4 class=\"western\">Inscriptions pour le championnat de France toutes cat\u00e9gories<\/h4>\n<\/li>\n<\/ol>\n<\/ol>\n<\/ol>\n<\/ol>\n<p class=\"western\">DELHAYE Daniel et THOMAS Patrick, la mise de 100F a \u00e9t\u00e9 r\u00e9gl\u00e9 par la soci\u00e9t\u00e9 par ch\u00e8que N\u00b0: 1681502.<\/p>\n<ol>\n<ol>\n<ol>\n<ol>\n<ol>\n<li>\n<h5 class=\"western\">Le 13 juin 2000<\/h5>\n<\/li>\n<\/ol>\n<li>\n<h4 class=\"western\">Challenge \u00e0 LEFFRINCKOUCKE<\/h4>\n<ol>\n<ol>\n<li>\n<h6 class=\"western\">NOMS Pr\u00e9noms H P TOTAL Qualifi\u00e9 2001<\/h6>\n<\/li>\n<\/ol>\n<\/ol>\n<\/li>\n<\/ol>\n<\/ol>\n<\/ol>\n<\/ol>\n<p class=\"western\">THOMAS Patrick 20 24 44 OUI<\/p>\n<p class=\"western\">MINEBOIS Fr\u00e9d\u00e9ric 15 10 25 NON<\/p>\n<p class=\"western\">DUBOIS Jean-Marc 17 14 31 OUI<\/p>\n<p class=\"western\">DUMONT Pierre 30 19 49 OUI<\/p>\n<p class=\"western\">CAREYE Jean-Luc 5 16 21 NON<\/p>\n<p class=\"western\">St MACHIN Michel 27 14 41 OUI<\/p>\n<p class=\"western\">DELHAYE Myriam 5 16 21 NON<\/p>\n<p class=\"western\">DELHAYE Daniel 10 17 27 OUI<\/p>\n<ol>\n<ol>\n<ol>\n<ol>\n<ol>\n<li>\n<h5 class=\"western\">Total \u00e0 la grille\u00a0: 130 Pts et aux Honneurs\u00a0: 129 Pts = 259 Pts<\/h5>\n<\/li>\n<\/ol>\n<\/ol>\n<\/ol>\n<\/ol>\n<\/ol>\n<p class=\"western\">Classement g\u00e9n\u00e9ral\u00a0: 51\u00e9me sur 81 soci\u00e9t\u00e9s,<\/p>\n<p class=\"western\">Soci\u00e9t\u00e9 gagnante\u00a0: LEFFRINCKOUCKE avec 631 Pts et la derni\u00e8re\u00a0: RINXENT avec 148 Pts.<\/p>\n<p class=\"western\">C\u2019est la soci\u00e9t\u00e9 d\u2019HEURINGHEM qui organise le challenge en 2001, se trouvant \u00e0 la 2\u00e9m\u00e9 place avec 448 Pts.<\/p>\n<p class=\"western\"><b> <\/b><span style=\"text-decoration: underline;\"><b>Dimanche 25 juin<\/b><\/span><\/p>\n<ol>\n<ol>\n<ol>\n<ol start=\"3\">\n<li>\n<h4 class=\"western\">CHAMPIONNAT de France toutes cat\u00e9gories<\/h4>\n<\/li>\n<\/ol>\n<\/ol>\n<\/ol>\n<\/ol>\n<p class=\"western\" align=\"center\"><b>A CASSEL<\/b><\/p>\n<p>DELHAYE Daniel\u00a0: 11Pts 130\u00e9me sur 315 inscrits<\/p>\n<p class=\"western\">THOMAS Patrick excus\u00e9 car sa femme est hospitalis\u00e9<\/p>\n<p class=\"western\"><span style=\"text-decoration: underline;\"><b>Dimanche 2 juillet<\/b><\/span><\/p>\n<ol>\n<ol>\n<ol>\n<ol start=\"4\">\n<li>\n<h4 class=\"western\">Tir de CHAMPIONNAT<\/h4>\n<\/li>\n<li>\n<h4 class=\"western\">Sur 2 perches<\/h4>\n<\/li>\n<\/ol>\n<\/ol>\n<\/ol>\n<\/ol>\n<p>Matin\u00a0: 76 archers et l\u2019apr\u00e8s-midi\u00a0: 180 archers<\/p>\n<p class=\"western\"><b> <\/b><span style=\"text-decoration: underline;\"><b>Lundi 3 juillet<\/b><\/span><\/p>\n<ol>\n<ol>\n<ol>\n<ol start=\"6\">\n<li>\n<h4 class=\"western\">CHAMPIONNAT de FRANCE des JEUNES<\/h4>\n<\/li>\n<\/ol>\n<\/ol>\n<\/ol>\n<\/ol>\n<p class=\"western\" align=\"center\"><b>A HONDSCHOOTE<\/b><\/p>\n<p>CAREYE J\u00e9r\u00e9mie 9\u00e9me place avec 13Pts<\/p>\n<p class=\"western\">DELHAYE J\u00e9r\u00e9my 38\u00e9m\u00e9 place avec 8Pts<\/p>\n<p class=\"western\">MINEBOIS Julien 68\u00e9me place avec5Pts<\/p>\n<p class=\"western\"><span style=\"text-decoration: underline;\"><b>Samedi 8 juillet<\/b><\/span><\/p>\n<ol>\n<ol>\n<ol>\n<ol start=\"7\">\n<li>\n<h4 class=\"western\">Rencontres FEDERALES Jeunes<\/h4>\n<\/li>\n<\/ol>\n<\/ol>\n<\/ol>\n<\/ol>\n<p class=\"western\" align=\"center\"><b>A LUMBRES<\/b><\/p>\n<p>Eq\u00a0: DELHAYE J\u00e9r\u00e9my 1Pts<\/p>\n<p class=\"western\">Ind\u00a0: CAREYE J\u00e9r\u00e9mie<\/p>\n<p class=\"western\">Eq 1\u00e9re\u00a0: Maritime avec 66Pts<\/p>\n<p class=\"western\">Eq 2\u00e9me\u00a0: Artois avec 56Pts<\/p>\n<p class=\"western\">Eq 3\u00e9me\u00a0: Terrien avec 53Pts<\/p>\n<p class=\"western\"><b> <\/b><span style=\"text-decoration: underline;\"><b>Dimanche 9 juillet<\/b><\/span><\/p>\n<ol>\n<ol>\n<ol>\n<ol start=\"8\">\n<li>\n<h4 class=\"western\">Rencontres FEDERALES Adultes<\/h4>\n<\/li>\n<\/ol>\n<\/ol>\n<\/ol>\n<\/ol>\n<p class=\"western\" align=\"center\"><b>A LUMBRES<\/b><\/p>\n<p class=\"western\">Eq\u00a0: DELHAYE Daniel 2Pts et <b>une fois l\u2019honneur \u00e0 l\u2019individuel.<\/b><\/p>\n<p>Eq 1\u00e9re\u00a0: Maritime avec 69Pts<\/p>\n<p class=\"western\">Eq 2\u00e9me\u00a0: Terrien avec 68Pts<\/p>\n<p class=\"western\">Eq 3\u00e9me\u00a0: Artois avec 57Pts<\/p>\n<p class=\"western\"><span style=\"text-decoration: underline;\"><b>Jeudi 13 juillet<\/b><\/span><\/p>\n<ol>\n<ol>\n<ol>\n<ol start=\"9\">\n<li>\n<h4 class=\"western\">TIR SUPPLEMENTAIRE<\/h4>\n<\/li>\n<\/ol>\n<\/ol>\n<\/ol>\n<\/ol>\n<p class=\"western\" align=\"center\">( pains g\u00e2teaux et saucissons)<\/p>\n<p class=\"western\">Matin\u00a0: 17 archers et l\u2019apr\u00e8s-midi 182 archers.<\/p>\n<p class=\"western\">Il a plut toute la journ\u00e9e ce qui explique le peu d\u2019archer.<\/p>\n<p class=\"western\"><b> <\/b><span style=\"text-decoration: underline;\"><b>Dimanche 6 ao\u00fbt<\/b><\/span><\/p>\n<ol>\n<ol>\n<ol>\n<ol start=\"10\">\n<li>\n<h4 class=\"western\">TIR de CHAMPIONNAT<\/h4>\n<\/li>\n<\/ol>\n<\/ol>\n<\/ol>\n<\/ol>\n<p class=\"western\" align=\"center\">Sur 2 perches<\/p>\n<p class=\"western\">Matin 53 archers et l\u2019apr\u00e8s-midi 182 archers.<\/p>\n<p class=\"western\"><span style=\"text-decoration: underline;\"><b>Mardi 8 ao\u00fbt<\/b><\/span><\/p>\n<ol>\n<ol>\n<ol>\n<ol start=\"11\">\n<li>\n<h4 class=\"western\">TIR SUPPLEMENTAIRE de DUCASSE<\/h4>\n<\/li>\n<\/ol>\n<\/ol>\n<\/ol>\n<\/ol>\n<p class=\"western\" align=\"center\">Sur deux perches<\/p>\n<p class=\"western\">Matin 24 archers et l\u2019apr\u00e8s-midi 92 archers.<\/p>\n<p class=\"western\"><b> <\/b><span style=\"text-decoration: underline;\"><b>Samedi 2 septembre<\/b><\/span><\/p>\n<ol>\n<ol>\n<ol>\n<ol start=\"12\">\n<li>\n<h4 class=\"western\">CHALLENGE Jean-Pierre DECOOL<\/h4>\n<\/li>\n<\/ol>\n<\/ol>\n<\/ol>\n<\/ol>\n<p class=\"western\" align=\"center\">Sur deux perches<\/p>\n<p>Matin 24 archers et l\u2019apr\u00e8s-midi 50 archers<\/p>\n<p class=\"western\">Classement de l\u2019apr\u00e8s-midi de chaque cat\u00e9gorie<\/p>\n<p class=\"western\">1<sup>er<\/sup> Adulte\u00a0: DELHAYE Daniel 25 Pts de WATTEN<\/p>\n<p class=\"western\">1\u00e9re Dame\u00a0: DELHAYE Myriam 8 Pts de WATTEN<\/p>\n<p class=\"western\">1<sup>er<\/sup> Jeune\u00a0: DELHAYE J\u00e9r\u00e9my 23 Pts de WATTEN<\/p>\n<p class=\"western\">1<sup>er<\/sup> V\u00e9t\u00e9ran\u00a0: MESMAQUE Daniel 19 Pts de BAYENGHEM<\/p>\n<p class=\"western\">Les 23 suivant ont eu un lot.<\/p>\n<p class=\"western\"><span style=\"text-decoration: underline;\"><b>Samedi 16 septembre<\/b><\/span><\/p>\n<ol>\n<ol>\n<ol>\n<ol start=\"13\">\n<li>\n<h4 class=\"western\">TIR de CLOTURE pour les soci\u00e9taires<\/h4>\n<\/li>\n<\/ol>\n<\/ol>\n<\/ol>\n<\/ol>\n<p class=\"western\">19 archers \u00e9taient pr\u00e9sents pour terminer cette saison 2000.<\/p>\n<p class=\"western\">Tous ont \u00e9taient r\u00e9compens\u00e9 par des lots que la soci\u00e9t\u00e9 a achet\u00e9.<\/p>\n<p class=\"western\">1<sup>er<\/sup> au volant\u00a0: HAU Christelle 4 fois<\/p>\n<p class=\"western\">1<sup>er<\/sup> au top sec\u00a0: DELHAYE Daniel 2 fois<\/p>\n<p class=\"western\"><b>Pour l\u2019ensemble de nos tirs de la saison 2000 nous avons eu la participation de 743 archers.<\/b><\/p>\n<ol>\n<ol>\n<ol>\n<ol>\n<li>\n<h4 class=\"western\">R\u00e9sultat de l\u2019\u00e9quipe de coupe A<\/h4>\n<\/li>\n<\/ol>\n<li>\n<h3 class=\"western\">Coupe d\u2019ARTOIS<\/h3>\n<\/li>\n<\/ol>\n<\/ol>\n<\/ol>\n<p class=\"western\"><span lang=\"en-GB\">1<\/span><sup><span lang=\"en-GB\">er <\/span><\/sup><span lang=\"en-GB\">Tour: WATTEN A: 86Pts WIZERNES A: 61Pts<\/span><\/p>\n<p class=\"western\" lang=\"en-GB\">2\u00e9me Tour: HOULLE D:\u00a060Pts WATTEN A:\u00a063Pts<\/p>\n<p class=\"western\" lang=\"en-GB\">3\u00e9me Tour: WATTEN A: 78Pts WIZERNES B: 93Pts<\/p>\n<p class=\"western\"><b>Coupe Jean-Marie WAELS<\/b><\/p>\n<p>Pr\u00e9liminaire\u00a0: WATTEN A\u00a0: 75Pts LOON-PLAGE D\u00a0: 32Pts<\/p>\n<p class=\"western\">1<sup>er<\/sup> Tour : WATTEN A 57Pts ESQUELBECQ A\u00a0: 52Pts<\/p>\n<p class=\"western\">2\u00e9me Tour : WATTEN A 63Pts WISMES A\u00a0: 78Pts<\/p>\n<p class=\"western\"><span style=\"text-decoration: underline;\"><b>dimanche 19 novembre<\/b><\/span><\/p>\n<p class=\"western\" align=\"center\"><b>1<\/b><sup><b>er<\/b><\/sup><b> BROCANTE COUVERTE<\/b><\/p>\n<p class=\"western\" align=\"center\">\u00e0 la salle des sports<\/p>\n<p class=\"western\">Un vif suc\u00e9 pour notre 1\u00e9re brocante, plus de 1500 entr\u00e9es.<\/p>\n","protected":false},"excerpt":{"rendered":"<p>Assembl\u00e9e g\u00e9n\u00e9ral de 28 janvier 2000 De nombreux soci\u00e9taires avaient tenu \u00e0 participer \u00e0 cette r\u00e9union, plus de 30 participants parmi lesquels MM. Witkowski, Berquez, Vermeersch, Deschodt, adjoints et conseillers municipaux, ainsi que Mme Decool, repr\u00e9sentants son mari conseiller g\u00e9n\u00e9ral. &hellip; <a href=\"http:\/\/guillaume-tell-watten.fr\/?page_id=489\">Continuer la lecture <span class=\"meta-nav\">&rarr;<\/span><\/a><\/p>\n","protected":false},"author":1,"featured_media":0,"parent":410,"menu_order":0,"comment_status":"closed","ping_status":"open","template":"","meta":{"ngg_post_thumbnail":0,"footnotes":""},"class_list":["post-489","page","type-page","status-publish","hentry"],"_links":{"self":[{"href":"http:\/\/guillaume-tell-watten.fr\/index.php?rest_route=\/wp\/v2\/pages\/489","targetHints":{"allow":["GET"]}}],"collection":[{"href":"http:\/\/guillaume-tell-watten.fr\/index.php?rest_route=\/wp\/v2\/pages"}],"about":[{"href":"http:\/\/guillaume-tell-watten.fr\/index.php?rest_route=\/wp\/v2\/types\/page"}],"author":[{"embeddable":true,"href":"http:\/\/guillaume-tell-watten.fr\/index.php?rest_route=\/wp\/v2\/users\/1"}],"replies":[{"embeddable":true,"href":"http:\/\/guillaume-tell-watten.fr\/index.php?rest_route=%2Fwp%2Fv2%2Fcomments&post=489"}],"version-history":[{"count":1,"href":"http:\/\/guillaume-tell-watten.fr\/index.php?rest_route=\/wp\/v2\/pages\/489\/revisions"}],"predecessor-version":[{"id":490,"href":"http:\/\/guillaume-tell-watten.fr\/index.php?rest_route=\/wp\/v2\/pages\/489\/revisions\/490"}],"up":[{"embeddable":true,"href":"http:\/\/guillaume-tell-watten.fr\/index.php?rest_route=\/wp\/v2\/pages\/410"}],"wp:attachment":[{"href":"http:\/\/guillaume-tell-watten.fr\/index.php?rest_route=%2Fwp%2Fv2%2Fmedia&parent=489"}],"curies":[{"name":"wp","href":"https:\/\/api.w.org\/{rel}","templated":true}]}}